undreds digit of (314 + s)*20/40?
1
Let n be 144/28 - (-5 - 216/(-42)). Suppose -18*y = -n*s - 14*y + 2281, 4*s - y - 1827 = 0. What is the tens digit of s?
5
What is the hundreds digit of 35866/2 + (4 + 6 + -9)/(-1)?
9
Let a(h) be the first derivative of 24*h**3 + 9*h**2/2 + 13*h + 5. What is the units digit of a(-2)?
3
Let r be 40/(-140) + -1*(-2)/7. Suppose -35 = -5*o + 4*k + 186, 3*k - 3 = r. What is the tens digit of o?
4
Let n(g) = -17*g**2 - 5 + g - 19*g**2 - 4*g + 2. Let p be n(-2). What is the tens digit of -4 - (-1 - -2)*p?
3
Suppose -85 = i - 382. Suppose -u = -7*n + 3*n - i, u - 294 = n. What is the tens digit of u?
9
Let z(o) = 36*o**2 - 47*o - 143. What is the units digit of z(-13)?
2
Suppose 2*t + 5 = -5*m, -2*t + 9 + 4 = -m. Suppose w - g + 2*g - 97 = 0, 5*w - t*g - 525 = 0. What is the hundreds digit of w?
1
Let m(j) = 10*j**2 + 7*j + 7. Let v be m(-1). What is the hundreds digit of v/(-110)*-11 - (2 - 1033)?
0
Suppose 0 = -3*f + 5 + 4. Suppose 0*m - 2*l - 6 = 2*m, 7 = -f*m - 2*l. What is the units digit of 394/(m + 3) - (4 + -5)?
8
Let d(m) = -9551*m + 4322. What is the thousands digit of d(-7)?
1
Let t = -4678 + 14435. What is the units digit of t?
7
Suppose 5*o - 63 = 2*o. Suppose o = s - 4*s. What is the tens digit of (s/3 - -2) + 244/3?
8
Let o be (12/(-6) + 1)/((-3)/15). Suppose 2*k + k - 5713 = f, 9516 = o*k + 4*f. What is the tens digit of k?
0
Let w(m) = -332*m - 6111. What is the units digit of w(-178)?
5
Suppose -5*x + t + 108170 - 9769 = 0, -19703 = -x + 4*t. What is the tens digit of x?
7
Let l(q) = -11*q - 1. Let d(j) = -23*j. Let f(v) = -4*d(v) + 8*l(v). Let w be (-6)/(-27) + (-52)/(-9). What is the units digit of f(w)?
6
What is the hundreds digit of 195792/(12 + 0) + 2/(-2)?
3
Suppose z = q - 3, -3*z - 8 = -2. What is the units digit of q*3/(-6) + (-9321)/(-26)?
8
Suppose 2*s - q = 3*q - 57492, 2*s + 2*q + 57474 = 0. What is the hundreds digit of 3 + s/(-44) - 22/121?
6
Let n = -92 - -171. Suppose 89*v - 195*v + 97*v = -1458. Let z = v - n. What is the tens digit of z?
8
Suppose 3*q - 4*d - 49 = 0, 0 = -5*q + d + 31 + 28. Suppose 2*p - q*z + 8*z = 2115, 2*p = 2*z + 2110. What is the thousands digit of p?
1
Let v = -150 + 308. Suppose -v = -3*b + 25. Let j = 128 - b. What is the tens digit of j?
6
Let v(m) = 19 - 4 + 43*m + 3 + 2. Let h be v(5). Suppose -5*k - h = -5*z, 7*k = -4*z + 2*k + 161. What is the units digit of z?
4
Let o(q) = -q**2 - 7*q + 8. Let k = 38 + -44. Let d be o(k). What is the tens digit of (-450)/(-4)*d/21?
7
What is the units digit of 5/(25/30) + (-16)/(176/(-460911))?
7
Suppose -4*w - 43550 = -2*b, -39107 - 26209 = -3*b - 3*w. What is the hundreds digit of b?
7
Suppose 4*u - n = 7, -5 = -u + 2*n + 2. What is the tens digit of 9/(-6)*u*-60?
9
Let z(i) = i**3 + 16*i**2 - 29*i + 10. Let v be (-75)/50*48/9. What is the units digit of z(v)?
4
Let y be (-24 + 21)*(-4372)/(-12). Let k = y - -1848. What is the hundreds digit of k?
7
Let k(n) = -2*n**2 + 33*n - 4. Let f be k(14). What is the thousands digit of (-27)/(-3)*14894/f?
2
What is the tens digit of (-7684)/(-85) + (4 - 44/10)?
9
Suppose 3*q = -7*q + 110. Let b(c) = 3*c - 42. Let j be b(q). What is the hundreds digit of ((1 - 0)*3)/(j/(-762))?
2
Let t(o) = -8*o - 12. Let b(z) = -2*z**2 - 3*z - 1. Let h be 18/90 + (-32)/10. Let w be b(h). What is the tens digit of t(w)?
6
Suppose -23*p + 2548 + 45422 = -106590. What is the hundreds digit of p?
7
Suppose -3*c + 234 = -45. Let b = c - -31. Suppose -5*l = s - 29, -4*s - 5*l = -37 - b. What is the units digit of s?
4
Suppose 623*i + 3*u - 9436 = 621*i, -3*i + 14154 = u. What is the thousands digit of i?
4
What is the ten thousands digit of (22590 + -19 - -27) + -1 + -6?
2
Let g(x) = 15*x - 20. Let z be g(9). Let b = z - 185. Let y = b - -136. What is the tens digit of y?
6
Suppose 33*d - 25*d = 104592. What is the thousands digit of d?
3
Let b(k) = 12*k**2 - 53*k + 14. Let g be b(17). Let h = g + -1541. What is the tens digit of h?
4
Let n = -16075 - -27366. What is the thousands digit of n?
1
Let v = 29 - 15. Let l be (-457)/(-9) + v/63. What is the units digit of 1054/l + 4/3?
2
Suppose t = -2*x + 973, 0*x + 2427 = 5*x - 3*t. Suppose -14*u + x = -11*u. What is the units digit of 3 + (u/1)/2?
4
Suppose -4*p - 3*o + 90366 = 0, 2874*p = 2875*p - 4*o - 22601. What is the tens digit of p?
9
Let l = -161 - -186. Suppose 0 = l*h - 24*h - 396. What is the tens digit of h?
9
Suppose -11445 = -3*r - 4*w, 4*r - 2*r - 7630 = -5*w. Suppose -12*q + 19*q = r. What is the hundreds digit of q?
5
Let u be 1/5 - (-9 - (-126)/30). Suppose u*b = 3*a + 2727, 5*b + 3*a = -2*a + 2735. What is the hundreds digit of b?
5
Suppose 15*q - 16*q - 466 = 0. Let u = -199 - q. What is the hundreds digit of u?
2
Suppose 3*u = 5*i - 36 - 7, -u - 4*i - 37 = 0. Let o = 9 + u. What is the tens digit of (1 + -26)/(o/12)?
2
Suppose 4*y + 2*q = 22 + 4, -q = -5*y + 29. Suppose y*i + 2*i - 3320 = 0. Suppose 0 = -2*t - t + j + 241, -5*t + 5*j + i = 0. What is the units digit of t?
9
Let c = -233 - -309. Suppose -3*t - 19 - 76 = -5*g, 4*g + 2*t - c = 0. What is the tens digit of g?
1
Let y = 299 - -74. Let q = 755 - y. What is the tens digit of q?
8
Let c be 88/(-2) - (22 - 20). Let q = c + 48. What is the units digit of -4 + (79 + q)*1?
7
Let w(q) = -q**3 - 39*q**2 - 153*q - 88. What is the hundreds digit of w(-41)?
5
Let l(o) = -3624*o - 4595. What is the hundreds digit of l(-13)?
5
Let s(i) = -i**2 + 22*i - 34. Let j be s(13). Let r = -91 + j. What is the hundreds digit of (564/(-8))/((-5)/r + -1)?
1
Suppose 4 = 3*v - 8. Let g be -18*(-20)/(-210)*-70. Suppose g = v*y - 224. What is the units digit of y?
6
What is the ten thousands digit of (-1056)/24*(1 - 4658/4 - 4)?
5
What is the tens digit of ((-8)/10)/((-12)/(-2482800)*-8)?
9
Let n = 11481 - 7523. What is the tens digit of n?
5
What is the hundreds digit of (-33545 - 1)/(-379 - -376)?
1
Suppose -664176 = -95*p + 3519339. What is the thousands digit of p?
4
Suppose 0 = 3*n + 15, 14*y + 0*y + 2*n - 201702 = 0. What is the thousands digit of y?
4
Suppose -105644 = 7867*f - 7881*f. What is the thousands digit of f?
7
Let h be (-65 - -20)*(-3)/9. Let d(t) = 39*t + 201. What is the units digit of d(h)?
6
Suppose -4*m = -2*m + 2*k + 2, -3*m + k = -1. Let w(r) = m - 1008*r - 1 + 1020*r. What is the tens digit of w(6)?
7
Let r be -2*-3*(-5)/(-30)*1289. Suppose 0 = -5*f - 4*q + 3211, -2*f + q + r = -2*q. What is the hundreds digit of f?
6
Suppose v + 3*t - 7 - 8 = 0, -2*t = 2*v - 10. Suppose 2*m - 576 = -v*m. Suppose 0 = -6*q + 3*q - 12, 2*q = 5*k - m. What is the units digit of k?
6
Suppose 0 = 4*l + 3*l - 14. Let b(d) = -3 + 4*d + 2*d - l. What is the tens digit of b(5)?
2
Suppose 0 = 5*s - s - 16. Let j be ((-31)/s)/(8/64). Let a = 36 - j. What is the units digit of a?
8
Let u(m) = 157*m**2 - 92*m - 901. What is the units digit of u(-12)?
1
Suppose -14*w - 4*v + 331156 = 0, -5*w - 10758 = -5*v - 128983. What is the thousands digit of w?
3
Suppose 27*u - 54297 = 54*u. Let k = u + 3676. What is the thousands digit of k?
1
Let b = -304 - -301. What is the tens digit of b*(-8 - -6)*77?
6
Let v = 25 + -22. Suppose -v*d + 423 = -207. Suppose -k + d = 4*k. What is the tens digit of k?
4
Let c(z) = 18*z**2 + 28*z - 2*z**2 + 20*z + 4. What is the units digit of c(-5)?
4
Suppose -5*t - 17 = 2*c - 3*c, -t = -5*c + 109. What is the tens digit of 9264/132 + (4/c)/(-1)?
7
Suppose -11 + 1 = -4*t - 2*w, -4*t + 6 = -2*w. Suppose d + 6 = -t*p, 0*d - p - 3 = -d. Let q = d + 54. What is the tens digit of q?
5
Let i be (-16 + 17)*(2/(-1))/2. Let j be (20 - i)/(2/6). What is the units digit of (-1228)/(-18) + (-14)/j?
8
Suppose 34*a - 74*a + 153520 = 0. What is the thousands digit of a?
3
Let w be 1/(-2 - (-45)/22). Let n = w + 15. Suppose -n*v = -40*v + 288. What is the units digit of v?
6
Suppose 7*r = -16 - 12. What is the hundreds digit of 390/4 - r - (-1)/(-2)?
1
What is the thousands digit of (30/21)/(-5) + (-1113864)/(-84)?
3
Let k(m) = m. Let l be k(15). Let p be (-36)/l - 9/15. What is the units digit of -3 - p/(-6)*-62?
8
Let i(a) = -214*a**3 + 2*a**2 + 4*a + 2. Let g(h) = -2*h**3 + 11*h**2 - 7*h + 9. Let b be g(5). What is the tens digit of i(b)?
1
Let s = 2973 - -26840. What is the thousands 